{"id":709,"date":"2025-07-03T16:37:15","date_gmt":"2025-07-03T14:37:15","guid":{"rendered":"https:\/\/aeif.fr\/?page_id=709"},"modified":"2026-01-11T11:01:13","modified_gmt":"2026-01-11T10:01:13","slug":"themes-par-sujets","status":"publish","type":"page","link":"https:\/\/aeif.fr\/index.php\/themes-par-sujets\/","title":{"rendered":"Th\u00e8mes par sujets"},"content":{"rendered":"<h1>Th\u00e8mes par sujets<\/h1>\n<p>Les th\u00e8mes suivants sont r\u00e9pertori\u00e9s par sujets :<\/p>\n<ul>\n<li>Tris<\/li>\n<li>Tableaux\/listes<\/li>\n<li>SQL\/bases de donn\u00e9es<\/li>\n<li>SOC\/mat\u00e9riel<\/li>\n<li>Routage<\/li>\n<li>R\u00e9seau<\/li>\n<li>R\u00e9cursivit\u00e9<\/li>\n<li>Programmation g\u00e9n\u00e9rale<\/li>\n<li>Programmation dynamique<\/li>\n<li>Processus\/OS<\/li>\n<li>POO<\/li>\n<li>Pile<\/li>\n<li>Liste cha\u00een\u00e9e<\/li>\n<li>Graphe<\/li>\n<li>File<\/li>\n<li>Donn\u00e9es en table<\/li>\n<li>Diviser pour r\u00e9gner<\/li>\n<li>Dictionnaires<\/li>\n<li>Cha\u00eenes de caract\u00e8res<\/li>\n<li>Calculabilit\u00e9\/d\u00e9cidabilit\u00e9<\/li>\n<li>Bool\u00e9ens<\/li>\n<li>Arbres binaires de recherche<\/li>\n<li>Arbres binaires<\/li>\n<li>Algorithmique<\/li>\n<\/ul>\n<p><a href=\"https:\/\/aeif.fr\/wp-content\/uploads\/2026\/01\/themes_ecrits_nsi_11_1_2026.pdf\" class=\"mtli_attachment mtli_pdf\" target=\"_blank\" rel=\"noopener\">Th\u00e8mes des sujets du bac NSI 2021 &#8211; 2025<\/a><\/p>\n<p><em>Cr\u00e9dits : Pascal REMY<\/em><\/p>\n","protected":false},"excerpt":{"rendered":"<p>Th\u00e8mes par sujets Les th\u00e8mes suivants sont r\u00e9pertori\u00e9s par sujets : Tris Tableaux\/listes SQL\/bases de donn\u00e9es SOC\/mat\u00e9riel Routage R\u00e9seau R\u00e9cursivit\u00e9 Programmation g\u00e9n\u00e9rale Programmation dynamique Processus\/OS POO Pile Liste cha\u00een\u00e9e Graphe File Donn\u00e9es en table Diviser pour r\u00e9gner Dictionnaires Cha\u00eenes de&#8230;<\/p>\n","protected":false},"author":5,"featured_media":440,"parent":0,"menu_order":0,"comment_status":"closed","ping_status":"closed","template":"","meta":{"footnotes":""},"class_list":["post-709","page","type-page","status-publish","has-post-thumbnail","hentry"],"_links":{"self":[{"href":"https:\/\/aeif.fr\/index.php\/wp-json\/wp\/v2\/pages\/709","targetHints":{"allow":["GET"]}}],"collection":[{"href":"https:\/\/aeif.fr\/index.php\/wp-json\/wp\/v2\/pages"}],"about":[{"href":"https:\/\/aeif.fr\/index.php\/wp-json\/wp\/v2\/types\/page"}],"author":[{"embeddable":true,"href":"https:\/\/aeif.fr\/index.php\/wp-json\/wp\/v2\/users\/5"}],"replies":[{"embeddable":true,"href":"https:\/\/aeif.fr\/index.php\/wp-json\/wp\/v2\/comments?post=709"}],"version-history":[{"count":9,"href":"https:\/\/aeif.fr\/index.php\/wp-json\/wp\/v2\/pages\/709\/revisions"}],"predecessor-version":[{"id":1193,"href":"https:\/\/aeif.fr\/index.php\/wp-json\/wp\/v2\/pages\/709\/revisions\/1193"}],"wp:featuredmedia":[{"embeddable":true,"href":"https:\/\/aeif.fr\/index.php\/wp-json\/wp\/v2\/media\/440"}],"wp:attachment":[{"href":"https:\/\/aeif.fr\/index.php\/wp-json\/wp\/v2\/media?parent=709"}],"curies":[{"name":"wp","href":"https:\/\/api.w.org\/{rel}","templated":true}]}}